3*f**3 - 215*f**2 - 554*f - 140. What is l(-69)?
-2
Let d(p) = -p**2 - 107*p + 789. Calculate d(7).
-9
Let c(v) = v**3 + 79*v**2 + 240*v + 910. Give c(-76).
-2
Let q(h) = -h**2 + 5*h + 35. Give q(10).
-15
Let g(t) = 2*t**2 - 89*t - 13. What is g(0)?
-13
Let j(o) = o**3 + o**2 + 9*o - 7. Determine j(0).
-7
Let y(z) = -3*z**2 + 27*z - 85. Determine y(4).
-25
Let d(m) = m**3 - 5*m**2 - 16*m - 12. Determine d(-6).
-312
Let t(k) = 146*k - 459. Calculate t(3).
-21
Let b(m) = 13*m - 133. Determine b(9).
-16
Let u(s) = s**2 - 39724*s - 278107. Give u(-7).
10
Let c(l) = 4*l**3 - 71*l**2 - 16*l - 21. What is c(18)?
15
Let q(u) = -2*u**2 - 12*u + 2877. Calculate q(35).
7
Let v(z) = -8*z**3 - 3*z**2 - 7*z. Give v(-3).
210
Let c(t) = 12*t - 138. Give c(18).
78
Let w(t) = -4*t**2 - 249*t + 191. Determine w(-63).
2
Let r(u) = u**3 + 21*u**2 - 18*u + 88. Give r(-22).
0
Let a(p) = p**3 + 11*p**2 + 27*p + 94. What is a(-9)?
13
Let q(f) = -f**3 + 30*f**2 + f + 22. Calculate q(30).
52
Let f(j) = -510*j + 3062. Calculate f(6).
2
Let t(v) = -23*v + 187. Determine t(7).
26
Let c(w) = -37*w**2 - 2012*w - 762. Give c(-54).
-6
Let x(p) = -p**2 + 127*p - 1270. What is x(116)?
6
Let b(c) = -3*c**2 - 99*c - 640. Determine b(-24).
8
Let g(u) = u**2 + 23*u + 147. Determine g(-10).
17
Let l(m) = -11*m - 37. What is l(-17)?
150
Let o(s) = 14*s**2 - 110*s + 158. What is o(2)?
-6
Let j(h) = -6*h**2 + 57*h - 134. Give j(6).
-8
Let v(b) = 2*b**2 - 60*b - 997. What is v(-12)?
11
Let a(g) = -g**3 + 43*g**2 - 469*g + 148. Calculate a(22).
-6
Let z(n) = -5*n**2 + 22*n - 33. Determine z(5).
-48
Let w(q) = q**2 - 8*q - 379. Calculate w(-17).
46
Let g(s) = -3246*s + 90876. Calculate g(28).
-12
Let s(w) = w**3 - 13*w**2 - 9. Calculate s(14).
187
Let z(h) = 98*h - 1101. Determine z(8).
-317
Let h(u) = -111*u + 774. Give h(7).
-3
Let j(n) = -n**2 + 113*n - 2891. What is j(38)?
-41
Let r(y) = -2*y**3 - 35*y**2 + 346*y + 3. Give r(7).
24
Let a(k) = -23*k**2 - 240*k - 20. What is a(-10)?
80
Let a(y) = -y**3 - 3*y**2 - 3*y - 47. Determine a(-5).
18
Let k(f) = -10*f + 322. Determine k(15).
172
Let f(i) = 2*i**2 + 74*i + 581. Give f(-26).
9
Let a(m) = 16*m + 28. Give a(-8).
-100
Let h(c) = -122*c + 7553. Determine h(62).
-11
Let f(z) = z**3 - 28*z**2 + 28*z - 101. Give f(27).
-74
Let y(d) = d**2 + 410*d + 19245. What is y(-54)?
21
Let h(c) = 15*c**3 - 929*c**2 - 63*c + 17. Determine h(62).
-45
Let t(o) = -o**2 - 3*o + 191. Calculate t(0).
191
Let g(m) = 5*m**2 + 16*m - 212. Determine g(-11).
217
Let y(w) = w**3 - 45*w**2 + 181*w - 10446. What is y(46)?
-4
Let k(s) = s**3 - 14*s**2 + 48*s + 85. What is k(8)?
85
Let a(h) = -h**3 + 16*h**2 - 34*h - 33. Calculate a(11).
198
Let u(w) = 14*w**2 + 886*w + 282. Determine u(-63).
30
Let v(i) = 16*i + 1045. Determine v(-74).
-139
Let q(t) = -t**2 + 35*t + 85. Calculate q(37).
11
Let c(u) = -93*u + 681. Determine c(23).
-1458
Let n(p) = p**3 - 29*p**2 + 163*p - 155. What is n(22)?
43
Let b(l) = 4*l**2 + 90*l - 28. What is b(-21)?
-154
Let v(w) = -220*w + 2913. Give v(13).
53
Let r(t) = 2*t**2 - 34*t + 7. What is r(14)?
-77
Let y(r) = 4*r**2 - 41*r + 22. Give y(10).
12
Let l(b) = -b**3 + 4*b**2 + 18*b + 31. What is l(7)?
10
Let a(x) = -42*x**2 + 95*x + 80. Calculate a(4).
-212
Let y(b) = -2*b**3 - 70*b**2 - 7*b - 214. Determine y(-35).
31
Let o(g) = 86*g - 1119. Determine o(13).
-1
Let v(s) = 3*s**2 + 23*s - 70. Give v(3).
26
Let b(x) = 3*x**2 + 121*x + 344. Determine b(-35).
-216
Let a(t) = -142*t + 4122. Give a(29).
4
Let m(i) = i**2 + 46*i - 218. Give m(-52).
94
Let l(w) = -27*w + 690. Determine l(21).
123
Let g(r) = -3*r**3 + 36*r**2 - 105*r + 6. Give g(7).
6
Let r(j) = 16*j**2 - 89*j - 5. Determine r(6).
37
Let s(g) = -197*g + 2256. Calculate s(11).
89
Let u(x) = -4*x**3 + 197*x**2 + 152*x - 112. Calculate u(50).
-12
Let j(h) = h**3 - 19*h**2 - 2*h + 39. Determine j(19).
1
Let v(r) = r**3 + 3*r**2 + 5*r + 7. What is v(-4)?
-29
Let b(g) = g**3 + 27*g**2 - 31*g - 39. Determine b(-28).
45
Let a(p) = -452*p - 432. Determine a(-2).
472
Let r(o) = 37*o**2 - 1367*o + 24. Calculate r(37).
98
Let a(h) = h**3 + 10*h**2 + 4*h + 40. Calculate a(-10).
0
Let b(x) = -12*x**2 - 8*x + 4. Give b(-6).
-380
Let m(k) = k**3 - 53*k**2 + 54*k - 48. Give m(52).
56
Let v(a) = 5430*a + 27150. Calculate v(-5).
0
Let u(i) = -i**3 + 23*i**2 - 22*i - 31. Calculate u(22).
-31
Let d(l) = 72*l - 490. Determine d(7).
14
Let m(o) = -3*o**2 - 144*o - 278. Calculate m(-2).
-2
Let p(x) = x**3 + 38*x**2 - 94*x - 2148. Calculate p(-39).
-3
Let a(v) = -53*v**2 + 263*v + 10. What is a(5)?
0
Let t(g) = -636*g - 121471. Give t(-191).
5
Let u(z) = -2*z**2 + 632*z - 26171. Calculate u(49).
-5
Let u(c) = 67*c - 3559. Give u(54).
59
Let o(n) = 22*n + 55. Determine o(-7).
-99
Let d(p) = -176*p**2 + 26049*p - 137. Determine d(148).
11
Let l(v) = -2*v**3 + 43*v**2 - 3*v + 32. Give l(21).
410
Let a(o) = o**3 - 6*o**2 - 257*o + 1538. Give a(6).
-4
Let s(h) = -97*h - 878. Give s(-10).
92
Let r(g) = -g**3 + 7*g**2 + 19*g - 22. Calculate r(9).
-13
Let o(g) = -2*g**2 - 4*g + 74. What is o(14)?
-374
Let b(x) = 3*x**2 - 3*x - 253. What is b(15)?
377
Let y(o) = 3*o**2 + 44*o - 48. Give y(-14).
-76
Let j(h) = 8*h**3 - 41*h**2 - 50*h + 287. What is j(5)?
12
Let o(i) = -i**2 + 191*i + 1997. Determine o(-10).
-13
Let k(n) = 544*n + 6567. Calculate k(-12).
39
Let f(p) = 130*p - 9247. Calculate f(71).
-17
Let i(b) = 1514*b + 4428. Give i(-3).
-114
Let u(k) = -3*k**2 - 5*k + 16. What is u(-4)?
-12
Let f(m) = m**2 + 134*m + 4058. Give f(-47).
-31
Let b(j) = -j**2 + 1092*j + 18864. Give b(-17).
11
Let y(i) = 798*i + 6399. Give y(-8).
15
Let h(n) = n**3 + 7*n**2 - 29*n - 202. Determine h(-8).
-34
Let q(g) = g**2 + 45*g + 454. What is q(-25)?
-46
Let y(a) = a**3 - 2*a**2 - 42*a + 1. Give y(9).
190
Let k(c) = c**2 + 86*c - 25063. Determine k(121).
-16
Let t(x) = -183*x - 39. Give t(0).
-39
Let q(s) = 180*s**2 - 344*s - 30. Determine q(2).
2
Let o(y) = -4*y**3 + 7*y**2 - 37*y + 34. Give o(1).
0
Let l(i) = -2*i**2 + 81*i - 129. Calculate l(40).
-89
Let x(b) = b**2 + 43*b + 63. Calculate x(-37).
-159
Let t(n) = 4233*n + 29626. Determine t(-7).
-5
Let n(o) = -2*o**2 - 29*o + 100. Calculate n(-14).
114
Let l(v) = -6*v**2 - 25*v - 23. Determine l(-1).
-4
Let x(z) = -2*z - 81. What is x(-25)?
-31
Let t(w) = 37*w**2 - 748*w + 169. Calculate t(20).
9
Let r(c) = -27*c - 393. What is r(-21)?
174
Let v(t) = 15*t - 93. Calculate v(0).
-93
Let x(g) = -g**3 - 116*g**2 - 555*g - 4. Calculate x(-111).
-4
Let n(z) = z**2 + 115*z - 3848. Determine n(-142).
-14
Let a(z) = -z**2 - 14*z - 24. What is a(-8)?
24
Let y(z) = -4*z**2 - 177*z + 1626. What is y(-52)?
14
Let b(x) = -2*x**3 + 23*x**2 - 9*x + 29. Give b(12).
-223
Let d(a) = -296*a - 86. Determine d(-1).
210
Let w(f) = -f**3 - 57*f**2 + 27*f - 50. Give w(-57).
-1589
Let b(r) = -2*r**3 + 25*r**2 + 82*r - 103. What is b(15)?
2
Let b(p) = -923*p + 1884. Give b(2).
38
Let f(g) = -g**2 - 124*g - 706. Determine f(-6).
2
Let u(k) = 2*k**3 + 15*k**2 + 4*k - 2. What is u(-7)?
19
Let l(q) = -504*q - 1812. What is l(-4)?
204
Let u(j) = j**3 + 14*j**2 + 42*j - 90. Give u(-7).
-41
Let g(h) = -h**3 - 55*h**2 - 4*h - 164. Determine g(-55).
56
Let y(q) = 3*q**2 - 14*q + 7. Determine y(6).
31
Let r(v) = -158*v + 2688. What is r(17)?
2
Let o(s) = -s**3 + 4*s**2 + 41*s + 21. Determine o(9).
-15
Let l(f) = 3*f + 202. What is l(6)?
220
Let t(c) = -15*c + 217. Give t(13).
22
Let k(g) = 2149*g + 8589. Calculate k(-4).
-7
Let n(t) = 13*t + 536. What is n(-43)?
-23
Let a(x) = 424*x - 3387. Calculate a(8).
5
Let z(n) = 5*n**2 - 93*n + 398. Give z(7).
-8
Let v(s) = 24*s + 498. Give v(-21).
-6
Let b(f) = -8*f**2 - 394*f - 3154. What is b(-10)?
-14
Let n(i) = 32*i + 653. Give n(-23).
-83
Let a(r) = 232*r - 3730. What is a(16)?
-18
Let f(v) = 44*v - 315. What is f(8)?
37
Let m(t) = -t - 29. Give m(-17).
-12
Let v(b) = -b**2 + 147*b + 921. Determine v(-6).
3
Let y(s) = -s**3 + 9*s**2 - 30*s + 66. Calculate y(6).
-6
Let g(q) = -q**2 - 3*q + 256. Calculate g(16).
-48
Let y(v) = -8*v**2 + 10*v + 33. Determine y(3).
-9
Let w(r) = 46*r**2 + 43*r + 46. What is w(-1)?
49
Let y(f) = -f**3 - 60*f**2 - 195*f - 1431. Give y(-57).
-63
Let o(c) = 10*c**2 - 83*c + 251. Calculate o(3).
92
Let c(k) = 148*k + 325. Determine c(-2).